 = -b - 2*z + 3*z - 7*z. What is h(3)?
-20
Let i(d) = 3*d**2 + d + 1. Let m(b) be the first derivative of 2*b**3/3 + b**2/2 + b - 4. Let w(a) = -4*i(a) + 5*m(a). Give w(2).
-5
Suppose 0 = -6*b + 5*b - 21. Let u = 23 + b. Suppose 13 = -u*o + 11. Let w(h) = -8*h**3 - 2*h**2 - 2*h - 1. Calculate w(o).
7
Let i(j) = -j + 11. Let t(b) = -b - 2. Suppose -2 = -0*s - s - v, 3*s - 3*v - 24 = 0. Suppose 0 = -u - 2 - s. Let f be t(u). Determine i(f).
6
Suppose 0 = 6*i - i - 145. Let x = 30 - i. Let k(f) = -x - f + 1. Calculate k(4).
-4
Let u(m) = -3 - m**3 - 4*m**2 + 2284*m - 2287*m - m**2. Calculate u(-5).
12
Let f(i) = -i**2 - 12*i + 13. Let a = -618 + 604. Give f(a).
-15
Let n(l) = l**3 - 10*l**2 + 8*l + 4. Suppose -12*d + 278 = 62. Let g be ((-18)/(-9))/(4/d). Determine n(g).
-5
Let t(f) be the second derivative of -f**4/6 - f**3/6 + 7*f**2/2 + f. Let q be t(-4). Let v = 17 + q. Let j(p) = p**3 + 3*p**2 - 4*p + 1. Determine j(v).
1
Let u(y) = -2*y**2 - 20*y - 21. Let m(q) = -4*q**2 - 39*q - 44. Let z(a) = -6*m(a) + 13*u(a). Calculate z(-13).
-9
Let x(s) = -s**3 - 7*s**2 - 5*s + 7. Let h = -1 - -2. Let b(n) = n**3 - n - 1. Let w be b(0). Let d be (w - h) + 0 + -4. Calculate x(d).
1
Let j(o) = -2 + 4 - 1 - o - o. Suppose -2*v - 2*v + 16 = 0. Let b = 2 - v. What is j(b)?
5
Let q = 35 - 11. Suppose q = 5*h + 4. Suppose -y - 2*w = -4*w + h, -4*w + 4 = -4*y. Let c(d) = -2*d**3 + 3*d**2 + d - 2. What is c(y)?
-4
Let t(y) = -y**3 - 6*y**2 - 7*y - 2. Let r(u) = 2*u**2 - 29*u + 34. Let z be r(13). What is t(z)?
8
Let k(u) = 4*u**2 - 3*u + 2. Let g(x) = -2*x**3 - 24*x**2 + 24*x - 23. Let p be g(-13). What is k(p)?
29
Let x(v) be the first derivative of v - 5*v**2 + 11 + 1/3*v**3. What is x(10)?
1
Let f(s) be the second derivative of s**5/20 - 5*s**4/12 - s**3/6 - 3*s**2/2 - 3*s. Suppose n = 6*n - 15. Suppose 3 = n*d - 12. Give f(d).
-8
Let o = -150 + 95. Let d = o + 57. Let r(g) = -2*g**3 + 4*g**2 - 2*g. Give r(d).
-4
Let b(x) be the second derivative of -x**2 - 1/20*x**5 + 0 + 1/3*x**3 + 1/6*x**4 + 7*x. Determine b(3).
-5
Let r(s) = 5 - 3*s**2 - 13*s + 4*s**2 - 6*s + 12*s. Suppose 0 = 3*h + k - 22, 39 = 5*h - 3*k + 7*k. What is r(h)?
5
Let y(g) = 13*g**3 + 14*g**2 - 16*g + 11. Let o(r) = -7*r**3 - 6*r**2 + 7*r - 5. Let h(m) = -7*o(m) - 3*y(m). Determine h(1).
11
Suppose 2*o = -7 + 13. Let s(x) be the second derivative of 1/2*x**2 + 0 - 1/12*x**4 + 1/6*x**3 - 9*x. What is s(o)?
-5
Let l(a) = -a**2 + 10*a - 21. Let r(c) = 1. Let p(u) = -l(u) - 4*r(u). Determine p(7).
-4
Let y = -62 - -59. Let f(i) = -i**3 + 8*i**2 - 8*i + 10. Let z be f(7). Let b(m) = 3 - 3*m**2 + z*m + 0*m + 4*m**2. What is b(y)?
3
Let f(n) = -9*n - 49. Let m be f(-5). Let s(y) = y**3 + 2*y**2 - 4*y + 5. Give s(m).
-11
Suppose 31*t - 9 = 28*t. Suppose 4*b - 4*z - 28 = 0, -z = -5*b - 0*z + 23. Let q(j) = -6*j + 5. Let w(x) = -5*x + 4. Let i(g) = b*w(g) - 3*q(g). Give i(t).
-5
Let n(s) = 1 + 1 + 3*s - 2*s - 4*s + s**3. Let i = -13 - -22. Let k = i + -7. Give n(k).
4
Let i(y) = y + 3. Let d(u) = -18*u - 45. Let b(q) = 2*d(q) + 33*i(q). Calculate b(6).
-9
Let p(h) = 2*h**2 + 8*h + 6. Suppose -2*u + 4*w + 7 = -11, 3*u + 4*w + 23 = 0. Let k be -3*(u + (-32)/(-12)). Calculate p(k).
16
Let i = 10 + -7. Let c(g) = -33*g - 34*g + 68*g + i. Calculate c(0).
3
Let u(c) = 5*c**3 + 2*c**2 - 3*c + 6. Let i(j) = j**3 + j**2 - j. Suppose -k + 0 = 6. Let l(z) = k*i(z) + u(z). What is l(-4)?
-6
Suppose 2*l - 20 = -8*n + 4*n, -5*n = 5*l - 40. Let i(h) = h - 8. Let a be i(l). Let k(o) = -o**3 + o**2 + 2*o - 1. Let s be k(a). Let f(d) = d - 1. Give f(s).
6
Let l(a) = -a - 5. Let d(y) = 2*y + 41. Let g be d(-19). Suppose -f = 1, g*f - 14 = 3*x - f. Give l(x).
1
Let h be 15/4 + (-2)/(-8). Let t(v) = v**2 - v - 2*v - h - 3*v**2 + v**2. What is t(-3)?
-4
Let r(c) = -c**3 + c**2 + 5*c - 1. Let s(l) = 2*l**2 + 21*l - 7. Let o be s(-11). What is r(o)?
-29
Let y(u) be the third derivative of u**4/4 + u**3/6 - u**2. Let v(h) = 8*h + 1. Let n(w) = -2*v(w) + 3*y(w). Let l = -8 + 14. What is n(l)?
13
Let r(z) = z**2 - 14*z - 4. Suppose 24 + 22 = 3*d - x, d - 17 = 2*x. What is r(d)?
11
Let t(c) = 2*c**2 - 3*c + 2. Let j = 1254 + -1253. Determine t(j).
1
Let j(y) be the second derivative of 0 + 1/6*y**4 + 0*y**2 - 28*y - 1/6*y**3 - y**5. Determine j(1).
-19
Let g(z) = -z + 5. Let s = 19 + -15. Let f be s*(-1)/(4 + -2). Let i be (-4)/16 + f/(-8). Calculate g(i).
5
Let r(c) = -5*c**3 - 14*c**2 - 10*c + 46. Let a(j) = j**3 + 3*j**2 + 2*j - 9. Let h(f) = -11*a(f) - 2*r(f). Give h(-4).
-1
Suppose -5*q - 20 = 0, -t + 3*t + 4*q - 12 = 0. Let n = t + -23. Let u(c) = -c - 8. Calculate u(n).
1
Let y = -938 + 947. Let a(i) = -i**3 + 10*i**2 - 6*i - 22. Give a(y).
5
Let z(a) = a**3 + 6*a**2 - 7*a - 7. Let f be z(-6). Let s = -38 + f. Let w(x) = -x**3 - 5*x**2 + 0*x**2 + 0*x - 3*x. What is w(s)?
-9
Suppose -35 = -24*h + 19*h. Let g(y) = y - 9. Give g(h).
-2
Let w = 1356 + -1362. Let f(s) = -4*s - 11. Give f(w).
13
Let d(z) = -2*z - 8. Suppose -6 = -3*v - 27. Let t be d(v). Let o(u) = -u**2 + 5*u + 1. Let b be o(t). Let k(j) = -j - 11. Give k(b).
-6
Let h(j) be the third derivative of j**6/60 - j**5/20 - j**3/2 - 47*j**2. Determine h(3).
24
Suppose 5*k + 1 + 14 = 0. Let f(a) = -2*a**2 + 3*a + 2. Let i(t) = 2*t**2 - 5*t - 2. Let q(x) = -4*f(x) - 3*i(x). What is q(k)?
7
Let f be (-1)/(-4) - (675/(-20))/9. Let h(n) = 2*n**2 + 0 + 6 - 1 - f*n - 2. Determine h(3).
9
Let t(w) be the first derivative of -w**7/840 + w**6/120 + w**5/20 - w**4/8 - 4*w**3/3 + 8. Let z(x) be the third derivative of t(x). Give z(4).
5
Let m(t) be the first derivative of 15*t**2/2 + 5*t + 1060. Give m(-1).
-10
Let y(z) = z**3 - z**2 - 15*z + 6. Let j = -637 - -641. What is y(j)?
-6
Let q be (-20)/(-5) - (-16)/2. Suppose -k - k = -q. Let n(c) = k*c + c**3 + 22 - 6*c**2 - 22. Give n(5).
5
Let u(d) = 3*d - 50. Let x be u(14). Let h(g) = g**2 + 10*g. Give h(x).
-16
Suppose 3*q = -0*q + 12. Suppose -4*k + 44 = -q*l, k + 4*k - 25 = -l. Let i(u) = -2 + 5 - 2 - k*u. Give i(1).
-5
Let m be (-3850)/294 - 2/(-21). Let j(o) = o**3 + 12*o**2 - 12*o + 11. Give j(m).
-2
Let n(c) be the second derivative of c**4/2 + c**2/2 - 2*c. Suppose -7*s + 9 = -5. Suppose 5 = -4*b + g, -g = -3*b + s*g - 6. Give n(b).
7
Suppose 1 = 7*n + 29. Let k(m) = -3*m - 5. Determine k(n).
7
Let c(a) = 11*a**2 + 16. Let s(l) = 10 - 43 + 0*l - 24*l**2 - l. Let k(p) = 13*c(p) + 6*s(p). Give k(-7).
3
Let w(q) = -q**2 + 7*q - 4. Let v be -4 + 3 - (0 + -11). Let b = 13 - v. Let o be (6 - b) + (-1 - -1). What is w(o)?
8
Let j be ((-12)/(-4) - 3)*1/(-2). Let h(d) be the first derivative of d**4/4 - d**3/3 + d**2/2 + 2*d - 3. Determine h(j).
2
Let c = 2351 - 2347. Let v(u) = 4*u + 6. Calculate v(c).
22
Let a be (-46)/8*(-32)/8. Let t = -27 + a. Let f be 3*(t - 48/(-9)). Let j(n) = 3*n + 1. Determine j(f).
13
Suppose -i + 2 = -6. Let r(n) be the second derivative of n**3/6 + 5*n**2 + 30*n. Let y(k) = -k. Let m(h) = -r(h) - 2*y(h). Calculate m(i).
-2
Suppose 5*j - 6*j = -5*j. Let w(i) = i**2 - 13. Calculate w(j).
-13
Let p(j) = -j**2 + 5*j + 5. Let r = 897 + -892. Calculate p(r).
5
Let f(u) = -9*u - 8 + 15 + u**2 + u - 6 + 13*u. Determine f(-7).
15
Suppose 4*d - h = 14, -d + h + 6 = d. Let r = d + -1. Let l(a) be the first derivative of 2*a**2 - a - 2. Determine l(r).
11
Let c(h) be the third derivative of h**7/1260 - h**5/120 + 3*h**4/2 - 4*h**2. Let s(a) be the second derivative of c(a). Calculate s(-1).
1
Suppose 2*b = -0 + 4. Let w(s) = -3*s**2 + 0*s**2 + 6*s + 2*s**b. Let f be ((-2)/3)/(10/(-75)). Give w(f).
5
Suppose 14*t - 65 = 19. Let a(y) = 6*y - 2*y**2 + 2*y**2 + 6*y**2 - 7*y**2 - 1. What is a(t)?
-1
Let n(u) = 2*u**2 - 3*u + 1. Let i(o) = -o**2 + o + 1. Let w(s) = -3*i(s) - n(s). What is w(3)?
5
Let n(j) = -2*j**2 + 7*j + 5. Let p(l) = -3*l**2 + 6*l + 6. Let h(m) = 4*n(m) - 3*p(m). Suppose 3*u - 2*k + 4*k = -17, 0 = 3*u + k + 22. Determine h(u).
-7
Let v = -338 - -340. Let t(x) = 3*x**3 - x**2 + x - 1. What is t(v)?
21
Let t(u) = 37*u + 4. Let h(d) = 21*d + 2. Let l(o) = -7*h(o) + 4*t(o). Give l(6).
8
Let n(m) = 16*m**3 - m**2 - m - 1. Suppose 19*o = 22*o + 9. Let w be (-2)/o + (-15)/9. Determine n(w).
-17
Suppose 84*r - 72 = 96*r. Let x(o) = o**3 + 6*o**2 - o + 2. Calculate x(r).
8
Suppose 4*k = 2*k. Let o = 